{"id":59,"date":"2017-01-02T15:25:28","date_gmt":"2017-01-02T14:25:28","guid":{"rendered":"http:\/\/pero-system.de\/figurecheck\/?page_id=59"},"modified":"2022-10-24T08:03:00","modified_gmt":"2022-10-24T06:03:00","slug":"software","status":"publish","type":"page","link":"https:\/\/pero-system.de\/figurecheck\/software\/","title":{"rendered":"Software"},"content":{"rendered":"<p><b>PeroShape<\/b>, die Fitness-Software zum <b style=\"color: #fff200;\">FigureCheck3D<\/b><\/p>\n<div class=\"one_half\"><\/p>\n<div class=\"feature-wrap fadeInLeft\">\n<p>Mit PeroShape gibt es nun endlich eine speziell auf den Fitness-Bereich optimierte Software zur Dokumentation und Auswertung deiner Figurentwicklung. Anschauliche, farbcodierte 3D-Grafiken zeigen dir sofort auf einen Blick, was sich getan hat. Und wenn du Zahlen und Fakten willst, h\u00e4lt PeroShape eine Vielzahl von detailreichen und aussagekr\u00e4ftigen Analyse-Tools f\u00fcr dich bereit, um den Ist-Zustand und die zeitliche Entwicklung deines Bodys zu \u00fcberwachen.<\/p>\n<p><img loading=\"lazy\" decoding=\"async\" class=\"alignnone size-medium wp-image-180\" src=\"https:\/\/pero-system.de\/figurecheck\/wp-content\/uploads\/sites\/2\/2017\/01\/K\u00f6rperkonturen-Top-Side-Frau-Nordmann-Farbe-mit-Mauspfeil-UMFANG-kl.jpg\" alt=\"\" width=\"700\" height=\"351\" srcset=\"https:\/\/pero-system.de\/figurecheck\/wp-content\/uploads\/sites\/2\/2017\/01\/K\u00f6rperkonturen-Top-Side-Frau-Nordmann-Farbe-mit-Mauspfeil-UMFANG-kl.jpg 700w, https:\/\/pero-system.de\/figurecheck\/wp-content\/uploads\/sites\/2\/2017\/01\/K\u00f6rperkonturen-Top-Side-Frau-Nordmann-Farbe-mit-Mauspfeil-UMFANG-kl-300x150.jpg 300w\" sizes=\"auto, (max-width: 700px) 100vw, 700px\" \/><\/p>\n<\/div>\n<p><\/div>\n<div class=\"one_half last_column\">\n<div class=\"feature-wrap fadeInLeft fadeInRight\">\n<div style=\"text-align: center;\">\n<p><img loading=\"lazy\" decoding=\"async\" class=\"alignnone size-medium wp-image-80\" src=\"https:\/\/pero-system.de\/figurecheck\/wp-content\/uploads\/sites\/2\/2017\/01\/3DBild_Abnahme-am-Bauch-300x300.jpg\" alt=\"\" width=\"300\" height=\"300\" srcset=\"https:\/\/pero-system.de\/figurecheck\/wp-content\/uploads\/sites\/2\/2017\/01\/3DBild_Abnahme-am-Bauch-300x300.jpg 300w, https:\/\/pero-system.de\/figurecheck\/wp-content\/uploads\/sites\/2\/2017\/01\/3DBild_Abnahme-am-Bauch-150x150.jpg 150w, https:\/\/pero-system.de\/figurecheck\/wp-content\/uploads\/sites\/2\/2017\/01\/3DBild_Abnahme-am-Bauch.jpg 544w\" sizes=\"auto, (max-width: 300px) 100vw, 300px\" \/><\/p>\n<h2>Software-Features:<\/h2>\n<div class=\"UnderLine\" style=\"margin-bottom:px;\"><span class=\"hr-style\"><\/span><\/div>\n<p><img loading=\"lazy\" decoding=\"async\" class=\"alignleft wp-image-157\" src=\"https:\/\/pero-system.de\/figurecheck\/wp-content\/uploads\/sites\/2\/2017\/01\/Haken.gif\" alt=\"\" width=\"14\" height=\"14\" \/>\u00a0farbcodierte 3D-Analyse<\/p>\n<p><img loading=\"lazy\" decoding=\"async\" class=\"alignleft wp-image-157\" src=\"https:\/\/pero-system.de\/figurecheck\/wp-content\/uploads\/sites\/2\/2017\/01\/Haken.gif\" alt=\"\" width=\"14\" height=\"14\" \/>\u00a0Umfangsbetrachtung auf beliebiger H\u00f6he<\/p>\n<p><img loading=\"lazy\" decoding=\"async\" class=\"alignleft wp-image-157\" src=\"https:\/\/pero-system.de\/figurecheck\/wp-content\/uploads\/sites\/2\/2017\/01\/Haken.gif\" alt=\"\" width=\"14\" height=\"14\" \/>\u00a0Beobachtung der zeitlichen Entwicklung deines Bodys<\/p>\n<p><img loading=\"lazy\" decoding=\"async\" class=\"alignleft wp-image-157\" src=\"https:\/\/pero-system.de\/figurecheck\/wp-content\/uploads\/sites\/2\/2017\/01\/Haken.gif\" alt=\"\" width=\"14\" height=\"14\" \/>\u00a0zahlreiche Analyse-Tools<\/p>\n<\/div>\n<\/div>\n<p><\/div><\/p>","protected":false},"excerpt":{"rendered":"<p>PeroShape, die Fitness-Software zum FigureCheck3D<\/p>\n","protected":false},"author":1,"featured_media":0,"parent":0,"menu_order":0,"comment_status":"closed","ping_status":"closed","template":"full-width.php","meta":{"footnotes":""},"class_list":["post-59","page","type-page","status-publish","hentry"],"_links":{"self":[{"href":"https:\/\/pero-system.de\/figurecheck\/wp-json\/wp\/v2\/pages\/59","targetHints":{"allow":["GET"]}}],"collection":[{"href":"https:\/\/pero-system.de\/figurecheck\/wp-json\/wp\/v2\/pages"}],"about":[{"href":"https:\/\/pero-system.de\/figurecheck\/wp-json\/wp\/v2\/types\/page"}],"author":[{"embeddable":true,"href":"https:\/\/pero-system.de\/figurecheck\/wp-json\/wp\/v2\/users\/1"}],"replies":[{"embeddable":true,"href":"https:\/\/pero-system.de\/figurecheck\/wp-json\/wp\/v2\/comments?post=59"}],"version-history":[{"count":23,"href":"https:\/\/pero-system.de\/figurecheck\/wp-json\/wp\/v2\/pages\/59\/revisions"}],"predecessor-version":[{"id":226,"href":"https:\/\/pero-system.de\/figurecheck\/wp-json\/wp\/v2\/pages\/59\/revisions\/226"}],"wp:attachment":[{"href":"https:\/\/pero-system.de\/figurecheck\/wp-json\/wp\/v2\/media?parent=59"}],"curies":[{"name":"wp","href":"https:\/\/api.w.org\/{rel}","templated":true}]}}